igit of 2520?
5
What is the units digit of 1018?
8
What is the tens digit of 1011?
1
What is the tens digit of 297?
9
What is the thousands digit of 32479?
2
What is the thousands digit of 14083?
4
What is the units digit of 4827?
7
What is the hundreds digit of 2218?
2
What is the tens digit of 6364?
6
What is the ten thousands digit of 15279?
1
What is the hundreds digit of 764?
7
What is the tens digit of 2439?
3
What is the hundreds digit of 14464?
4
What is the units digit of 1579?
9
What is the thousands digit of 73902?
3
What is the tens digit of 6530?
3
What is the hundreds digit of 1741?
7
What is the units digit of 37914?
4
What is the ten thousands digit of 16521?
1
What is the ten thousands digit of 35592?
3
What is the hundreds digit of 2493?
4
What is the ten thousands digit of 19898?
1
What is the units digit of 139429?
9
What is the thousands digit of 4236?
4
What is the hundreds digit of 4294?
2
What is the tens digit of 154?
5
What is the tens digit of 515?
1
What is the hundreds digit of 2368?
3
What is the hundreds digit of 13311?
3
What is the tens digit of 1299?
9
What is the tens digit of 25248?
4
What is the thousands digit of 4712?
4
What is the tens digit of 93009?
0
What is the tens digit of 128?
2
What is the thousands digit of 3093?
3
What is the hundreds digit of 3155?
1
What is the units digit of 68777?
7
What is the thousands digit of 2532?
2
What is the hundreds digit of 3387?
3
What is the tens digit of 56?
5
What is the tens digit of 2775?
7
What is the units digit of 5351?
1
What is the units digit of 37316?
6
What is the hundreds digit of 768?
7
What is the hundreds digit of 6638?
6
What is the thousands digit of 16897?
6
What is the tens digit of 587?
8
What is the units digit of 256?
6
What is the hundreds digit of 43108?
1
What is the tens digit of 160?
6
What is the units digit of 26211?
1
What is the units digit of 370?
0
What is the tens digit of 2393?
9
What is the tens digit of 3177?
7
What is the tens digit of 404?
0
What is the units digit of 2?
2
What is the tens digit of 14524?
2
What is the hundreds digit of 7834?
8
What is the ten thousands digit of 29776?
2
What is the units digit of 18736?
6
What is the tens digit of 219?
1
What is the tens digit of 1201?
0
What is the units digit of 4168?
8
What is the tens digit of 1873?
7
What is the thousands digit of 107799?
7
What is the units digit of 1521?
1
What is the ten thousands digit of 10079?
1
What is the thousands digit of 18388?
8
What is the units digit of 3895?
5
What is the ten thousands digit of 19050?
1
What is the hundreds digit of 565?
5
What is the hundreds digit of 2836?
8
What is the tens digit of 548?
4
What is the thousands digit of 12897?
2
What is the thousands digit of 1984?
1
What is the tens digit of 9822?
2
What is the thousands digit of 2692?
2
What is the thousands digit of 17611?
7
What is the ten thousands digit of 32391?
3
What is the hundreds digit of 3286?
2
What is the thousands digit of 1617?
1
What is the hundreds digit of 920?
9
What is the units digit of 162811?
1
What is the tens digit of 29902?
0
What is the thousands digit of 38860?
8
What is the tens digit of 67?
6
What is the units digit of 18165?
5
What is the hundreds digit of 1767?
7
What is the hundreds digit of 21846?
8
What is the units digit of 93234?
4
What is the units digit of 12727?
7
What is the thousands digit of 3787?
3
What is the thousands digit of 2867?
2
What is the thousands digit of 173722?
3
What is the units digit of 1643?
3
What is the ten thousands digit of 10355?
1
What is the units digit of 1640?
0
What is the hundreds digit of 34834?
8
What is the units digit of 13100?
0
What is the tens digit of 4058?
5
What is the hundreds digit of 4989?
9
What is the hundreds digit of 1453?
4
What is the units digit of 16481?
1
What is the thousands digit of 2018?
2
What is the hundreds digit of 2537?
5
What is the hundreds digit of 1664?
6
What is the units digit of 9085?
5
What is the ten thousands digit of 46731?
4
What is the thousands digit of 15480?
5
What is the ten thousands digit of 35112?
3
What is the tens digit of 160?
6
What is the tens digit of 17598?
9
What is the units digit of 335?
5
What is the hundreds digit of 12845?
8
What is the hundreds digit of 1056?
0
What is the units digit of 4545?
5
What is the thousands digit of 3545?
3
What is the hundreds digit of 781?
7
What is the hundreds digit of 1704?
7
What is the tens digit of 959?
5
What is the tens digit of 1093?
9
What is the tens digit of 142788?
8
What is the units digit of 80248?
8
What is the thousands digit of 172889?
2
What is the thousands digit of 18424?
8
What is the units digit of 39658?
8
What is the ten thousands digit of 26233?
2
What is the hundreds digit of 12801?
8
What is the thousands digit of 3900?
3
What is the hundreds digit of 809?
8
What is the units digit of 64?
4
What is the tens digit of 2561?
6
What is the thousands digit of 1060?
1
What is the tens digit of 3267?
6
What is the hundreds digit of 1282?
2
What is the units digit of 5080?
0
What is the hundreds digit of 9818?
8
What is the units digit of 1808?
8
What is the tens digit of 21017?
1
What is the hundreds digit of 15908?
9
What is the tens digit of 6318?
1
What is the thousands digit of 6218?
6
What is the units digit of 536?
6
What is the thousands digit of 7852?
7
What is the units digit of 4576?
6
What is the thousands digit of 3611?
3
What is the thousands digit of 46965?
6
What is the thousands digit of 1438?
1
What is the tens digit of 12335?
3
What is the units digit of 7546?
6
What is the hundreds digit of 2283?
2
What is the ten thousands digit of 178484?
7
What is the units digit of 129607?
7
What is the tens digit of 926?
2
What is the units digit of 792?
2
What is the thousands digit of 63755?
3
What is the tens digit of 32315?
1
What is the units digit of 5347?
7
What is the ten thousands digit of 84483?
8
What is the hundreds digit of 23752?
7
What is the thousands digit of 7639?
7
What is the tens digit of 10670?
7
What is the units digit of 30488?
8
What is the units digit of 13724?
4
What is the ten thousands digit of 18299?
1
What is the tens digit of 17714?
1
What is the ten thousands digit of 35799?
3
What is the units digit of 14292?
2
What is the ten thousands digit of 26395?
2
What is the ten thousands digit of 27229?
2
What is the tens digit of 2850?
5
What is the thousands digit of 1161?
1
What is the units digit of 4991?
1
What is the ten thousands digit of 157753?
5
What is the hundreds digit of 29208?
2
What is the tens digit of 6950?
5
What is the tens digit of 1598?
9
What is the hundreds digit of 500?
5
What is the hundreds digit of 1184?
1
What is the hundreds digit of 340?
3
What is the thousands digit of 59687?
9
What is the hundreds digit of 74168?
1
What is the thousands digit of 95414?
5
What is the units digit of 106273?
3
What is the thousands digit of 1413?
1
What is the hundreds digit of 4162?
1
What is the hundreds digit of 121139?
1
What is the tens digit of 2401?
0
What is the tens digit of 2962?
6
What is the units digit of 19?
9
What is the tens digit of 12568?
6
What is the tens digit of 1569?
6
What is the units digit of 3066?
6
What is the thousands digit of 3880?
3
What is the tens digit of 27782?
8
What is the tens digit of 4997?
9
What is the units digit of 10965?
5
What is the thousands digit of 8270?
8
What is the thousands digit of 2869?
2
What is the units digit of 1898?
8
What is the units digit of 3658?
8
What is the thousands digit of 30355?
0
What is the hundreds digit of 37898?
8
What is the units digit of 4612?
2
What is the ten thousands digit of 75465?
7
What is the tens digit of 52890?
9
What is the hundreds digit of 3559?
5
What is the tens digit of 24387?
8
What is the tens digit of 299?
9
What is the hundreds digit of 84308?
3
What is the hundreds digit of 7098?
0
What is the hundreds digit of 4697?
6
What is the units digit of 40290?
0
What is the hundreds digit of 7550?
5
What is the hundreds digit of 1360?
3
What is the thousands digit of 3503?
3
What is the tens digit of 94881?
8
What is the hundreds digit of 239?
2
What is the thousands digit of 65227?
5
What is the thousands digit of 12714?
2
What is the hu